be 129/15 - 6/(-15). What is the highest common factor of g and c?
9
Suppose 4*r - 220 - 4 = 0. What is the greatest common divisor of r and 8?
8
Let g = 1 + 1. What is the highest common divisor of 16 and g?
2
Suppose -11 = -3*y + 13. Suppose 4*k - 556 = 444. Suppose 3*r - k = -82. Calculate the highest common factor of y and r.
8
Suppose 6 = t + 2*t. Suppose 5*w - 6 = t*w. Let x(i) = -2*i - 16. Let l be x(-13). Calculate the highest common divisor of w and l.
2
Suppose 4*p - 50 - 99 = -y, -5*y - 11 = -p. What is the highest common divisor of p and 24?
12
Let v be (-15)/6*4/(-5). Suppose -31 + 147 = g. Suppose 2*p - g = -l - 4*l, l - 16 = v*p. Calculate the greatest common divisor of 110 and l.
22
Let k(i) = -i**2 + 15*i - 11. Let a be k(11). Let x = a - 18. Calculate the greatest common divisor of 3 and x.
3
Suppose 34 = 5*d + 9. Let l be (-8)/(-6)*(d - -91). Suppose -84 = -4*n - 4*x, -85 = -5*n + x - 2*x. Calculate the highest common divisor of n and l.
16
Suppose -5 - 1 = 3*q. Let j = q - -15. Calculate the highest common divisor of j and 143.
13
Let j(g) = 18*g**2 + g + 6. Let p be j(-3). What is the greatest common divisor of p and 15?
15
Let f(q) = -2*q**3 + 2*q**2 - 4*q - 5. Let n be f(-2). Suppose 2*d - 3*s - n = 0, 4*d - s = 1 + 48. Calculate the greatest common factor of 18 and d.
6
Suppose -3*d + 5*d - 40 = 0. What is the highest common divisor of 70 and d?
10
Let x(f) = -f**3 + 7*f**2 + 12*f - 2. Let o be x(8). Calculate the highest common divisor of o and 40.
10
Suppose 5*v - 182 = 1318. What is the greatest common factor of v and 60?
60
Let k(b) be the second derivative of b**5/20 - b**4/6 - b**3/6 - b**2/2 + 3*b. Let s be k(4). Calculate the greatest common factor of s and 18.
9
Let d(c) = -c**2 - 6*c + 2. Let q be d(-6). Let p(o) = -3*o - 2. Let k be p(q). Let j = -4 - k. What is the greatest common divisor of 16 and j?
4
Let c be (-14)/21*(1 - -104). Let j = c - -40. Let y be j/(-4) + (-6)/(-4). What is the greatest common factor of 1 and y?
1
Suppose 3*c = 12 + 21. What is the greatest common divisor of c and 99?
11
Suppose 0*a + 2*m + 1 = -3*a, -m - 2 = a. Calculate the greatest common factor of a and 24.
3
Let y be 3/(-2 - 7/(-2)). Calculate the greatest common divisor of y and 22.
2
Suppose 0 = -2*k - 3*k + y + 64, -k = 2*y - 15. What is the highest common divisor of 26 and k?
13
Suppose 5*y - 5*o - 47 = 63, -o = -2*y + 46. Calculate the greatest common factor of y and 3.
3
Let y = -281 + 522. Let x = y - 171. Let n be 116/4 - (0 + 1). Calculate the greatest common divisor of n and x.
14
Suppose -2*p = t - 32, 3*p - 2*p = -2. Calculate the greatest common divisor of 12 and t.
12
Let m be (-16)/5*(7 + -87). Suppose m = 3*s - s. What is the greatest common factor of 16 and s?
16
Let i = 73 + -43. Suppose 3*p = -o + 15 + 5, -p = 5*o - i. Calculate the highest common factor of 35 and o.
5
Let x(g) = 2*g**2 + 2*g - 2. Let d be x(-4). Suppose z = -6 - 4. Let p = z - -12. Calculate the highest common divisor of d and p.
2
Let j(m) = m**2 + 3*m - 2. Let c be j(-8). Let l = -22 + c. Suppose 0 = -5*n + 4*s + 6, 2*s = -5*n - 0*n + 12. Calculate the highest common factor of n and l.
2
Suppose -2*r + 5*i + 22 = -0*r, 8 = r - i. Calculate the greatest common divisor of r and 2.
2
Let q(z) = -3*z**2 + 75*z - 66. Let i be q(24). Let v = 17 + -8. What is the highest common divisor of i and v?
3
Let z(x) = -x**2 + 6*x + 2. Let n be z(4). Suppose 0 = -5*w + 2*w + 420. Let i be (33/22)/(3/w). What is the greatest common divisor of n and i?
10
Suppose 2*c - j - 17 = -5, -2*j = 4*c - 40. Let s(m) = -m**3 + 15*m**2 - 37*m - 13. Let y be s(11). Calculate the highest common divisor of c and y.
8
Let f = -7 - -9. Suppose 3*g = -f + 5. Let o be 2/4 - (-30)/4. What is the highest common divisor of g and o?
1
Let y(v) = -v**2 + 8*v + 4. Let f be y(7). Let r(n) = n**3 + 8*n**2 - 11*n + 4. Let p be r(-9). Calculate the greatest common factor of f and p.
11
Suppose -4*m = 4*r - 148, 187 = 5*m - 2*r + 9. Suppose 0 = -2*f - f + m. Let o = 3 - -1. What is the highest common divisor of o and f?
4
Suppose -2*u + 32 = 4*q - 6*u, -2*q = -4*u - 24. Let o be q/((-32)/(-14) + -2). Calculate the highest common divisor of o and 112.
14
Suppose 6*n - 91 = -n. Calculate the highest common divisor of n and 1.
1
Suppose -1 = 5*x - 101. Suppose v = x + 8. Calculate the highest common factor of 14 and v.
14
Let m(v) = -2*v + 22. Let y be m(-3). Let p(o) = -3*o - 1. Let u be p(-5). Calculate the greatest common divisor of y and u.
14
Let v(c) = -11*c**2 - 2*c + 3. Let b be v(2). Let r = 5 - b. Calculate the greatest common factor of r and 20.
10
Let q be (115 - -1)*5/10. What is the highest common factor of 87 and q?
29
Let d be 40/(0 - (-2)/3). What is the greatest common divisor of 24 and d?
12
Let p(i) = -i**2 + 4*i - 3. Let h be p(2). Let t be -57*h*2/(-6). Let q be (-1 - -59) + (-5 - -4). What is the highest common divisor of q and t?
19
Let n = 3 - -3. Let f be (16/5)/(n/30). What is the highest common divisor of 24 and f?
8
Suppose p = 2*j - p - 120, 2*p - 140 = -2*j. Calculate the highest common divisor of 26 and j.
13
Suppose 0 = 5*j - 777 + 2. Calculate the highest common factor of j and 31.
31
Let b be (112/(-32))/((-2)/(0 + 48)). What is the highest common divisor of b and 12?
12
Let i = -5 - -7. Let y be 96 - (i + (-4)/2). Calculate the highest common factor of 16 and y.
16
Suppose 0 = 3*q - q - 16. Suppose 4*g + s + 2 = -g, 5*g + 4*s + q = 0. Let y be 1/(g - 3/(-15)). Calculate the highest common divisor of y and 5.
5
Let g be -9*3/(27/(-6)). Let v = -4 + g. Suppose v*c + 73 = 227. What is the highest common divisor of c and 11?
11
Let q(s) = 4*s - 8*s - 2*s. Let a be q(-4). Let i(w) = -11*w**3 + w**2 - w - 1. Let o be i(-1). Calculate the highest common divisor of o and a.
12
Let l be (34/3)/((-6)/(-27)). Suppose l - 213 = -3*r. Calculate the highest common factor of r and 18.
18
Let k be 635/25 - (-6)/(-15). Calculate the highest common divisor of 10 and k.
5
Let v be 6*-2*3/(-12). Let k = v - 5. Let s(f) = -f**3 - f**2 - 2*f + 1. Let c be s(k). What is the highest common factor of c and 81?
9
Let w = -92 - -102. Calculate the highest common divisor of 40 and w.
10
Let q = 0 + 14. Let t = q + -7. Calculate the greatest common divisor of 63 and t.
7
Suppose -44 = -4*c - 4*n, 0*c - 5*n = 2*c - 25. Calculate the highest common divisor of 5 and c.
5
Let u(l) = -7*l + 3*l**2 + l**3 + 3*l - l**2 + 3. Let d be (-8)/12 - (-16)/6. Let q be u(d). What is the highest common factor of q and 55?
11
Suppose 0 = 3*f + 5*q - 11, -2*q + 55 = 5*f - q. Calculate the highest common factor of f and 60.
12
Suppose 15*b - 5*b - 30 = 0. Calculate the greatest common factor of b and 30.
3
Suppose -4*u - 7*d = -2*d - 924, -4*u = 3*d - 924. What is the greatest common factor of 33 and u?
33
Suppose -5*l = 5*q + 110, 5*q - 3*l - 49 + 159 = 0. Let v = q - -36. What is the greatest common divisor of v and 2?
2
Let z be ((-2)/(-6))/(17/(-6) + 3). Suppose -5*t - 42 = -5*u - 7, 55 = 4*u + 5*t. What is the highest common factor of u and z?
2
Suppose 4*q + 0*q - 520 = 0. Let p be (q*-1 - 0)/(-1). Calculate the highest common factor of p and 26.
26
Let k = -4 + 6. Suppose 0 = k*s - 11 - 11. What is the highest common divisor of 11 and s?
11
Let n = 220 - 142. Suppose 3*b - n = 12. Let d be 10/(-4)*-2*3. What is the greatest common divisor of d and b?
15
Let i = 27 - 25. Calculate the highest common divisor of i and 2.
2
Let z be 18 - 1/(4/8). Calculate the highest common divisor of z and 2.
2
Let o be 17 + (-30)/24 + (-2)/(-8). What is the highest common divisor of o and 48?
16
Let k(q) = -2*q + 4. Let c be k(3). Let w be (-1)/(-2)*(12 - c). Let b be 2/w + 1040/35. What is the greatest common factor of b and 12?
6
Suppose 2*p = 156 - 114. What is the greatest common factor of p and 273?
21
Let v be 373/3 + (-6 - 17/(-3)). Calculate the highest common divisor of 31 and v.
31
Let z = 126 + -108. What is the highest common factor of 63 and z?
9
Suppose 2*w - 250 = 4*s, -2*w + s + 85 = -153. Calculate the highest common factor of w and 13.
13
Suppose -23 = -5*k - 8. Suppose o = 3*o - k*p - 48, -2*o = 4*p - 76. What is the greatest common factor of o and 6?
6
Let j = -53 + 222. Let z = j + -